e -4*q - 2 = 2*i, x*q = -i - 2*i + 5. What is the units digit of i?
3
Suppose 0 = -3*s + 3*z + 168, 2*z = -s + 4*s - 167. What is the units digit of s?
5
Let g = 47 + -82. What is the tens digit of (28/g)/((-2)/35)?
1
Let v(a) = 3*a - 8. Let z be v(6). Let d = z - 7. What is the units digit of d?
3
Suppose -2*y - 12 = -2*q, 3*q + 3*y + 8 = 2. Let o be (-75)/(-9) - q/(-3). Let a = -6 + o. What is the units digit of a?
3
Let s(r) = r**3 + r + 2. What is the tens digit of s(2)?
1
Let t be ((-63)/(-15))/(1/(-5)). What is the tens digit of (-5 - -3) + (2 - t)?
2
Suppose -2 + 3 = f, -t + 4*f = 8. Let i = -177 + 109. What is the units digit of i/(-8) + 2/t?
8
Suppose -2*k + 1 + 15 = 0. Suppose -5*r = p - k, -r - 5 = -3*p + 3. What is the units digit of r?
1
Suppose -4*z = z + 25, 3*h + 5*z = 35. What is the tens digit of h?
2
Let d(v) = v**3 - 13*v**2 - 12*v + 4. Let a be d(14). Suppose 0*o = 2*w + 2*o - a, 5*w + 4*o - 83 = 0. What is the units digit of w?
9
Let x(f) be the first derivative of -2*f + 2 + 3/2*f**2 + 1/4*f**4 + 5/3*f**3. What is the units digit of x(-4)?
2
Let c(s) = -s**3 - 9*s**2 - 3. Let a be c(-9). What is the tens digit of a/2 + 49/2?
2
Let o be (-1 - -6)/(-1 - -2). Let g = o + -3. What is the units digit of g?
2
Suppose -4*b + 2*u + 12 = 0, 2*b - u - 2 = u. Suppose b - 45 = 2*w. Let a = 34 + w. What is the units digit of a?
4
What is the tens digit of (-1716)/(-10) - 24/40?
7
What is the tens digit of -148*((-45)/(-30))/(1 + -4)?
7
Suppose 18 - 4 = -g + 4*x, -g - 17 = -5*x. What is the units digit of (-1)/g*(3 + 3)?
3
Suppose -z = 2*z - 189. What is the units digit of z?
3
Suppose 2*v + 4*f = 6*v - 364, 4*f - 356 = -4*v. What is the tens digit of v?
9
Let c = 520 + -346. What is the tens digit of c?
7
Suppose 4*o = 3*b - 2*b - 22, 0 = -2*b - 4*o + 32. Suppose 3*m = m + b. Suppose m*f - 35 = 4*f. What is the units digit of f?
7
Let a = 5 - 0. Suppose -a*u = 8 + 12. Let m = 6 + u. What is the units digit of m?
2
Let s = -104 + 11. What is the units digit of (-3 + 1)/(6/s)?
1
Let b be 935/35 + (-2)/(-7). Let r = b - 5. What is the units digit of r?
2
Let d = 4 + 3. Let q(i) = 5*i**2 + 3*i**2 - 2*i**2 + 8*i - 4 - i**3. What is the units digit of q(d)?
3
Suppose 2*i + 174 = -5*z - 2*i, -3*z + 4*i - 98 = 0. Let g = z - -62. What is the tens digit of g?
2
Let i(t) be the second derivative of t**5/10 - t**3/6 - t**2 + t. What is the units digit of i(2)?
2
Suppose -16*o + 11*o + 390 = 0. What is the tens digit of o?
7
Suppose -2*n + b = 3*b - 70, -2*b - 58 = -2*n. What is the tens digit of n?
3
What is the tens digit of -14*5/((-20)/22)?
7
Suppose 3*x - 2*x = 209. Suppose 0 = q + 3*v - 33, -x = -4*q + 5*v - 43. What is the units digit of q?
9
Let b(v) = -v**2 - 6*v + 3. Let d(q) = -q + 2. Let o be d(7). What is the units digit of b(o)?
8
Let x(p) be the third derivative of -3*p**4/8 - p**3 - p**2. Let c be x(-4). Suppose n = 4*n - c. What is the units digit of n?
0
Suppose -3 - 12 = -3*x. Suppose 0 = -y + 3*a + 25, -2*y - 2*y = -x*a - 65. What is the units digit of y?
0
Suppose -4*n + 6 = 4*m + 2, 0 = -4*m - 12. What is the units digit of n?
4
Suppose 3*w = 3*g + 90, -4*g + 9*g + 26 = w. What is the tens digit of w?
3
Suppose 23 = 4*i + 3*v, -4*i + 3*v - 2 = 5. Let a(o) = -o**2 - 3*o + 8. Let m be a(-4). Suppose 4*z - 6 = -i*u + m, 8 = 2*z - 2*u. What is the units digit of z?
3
Let x(w) = w**2 - 2*w - 6. What is the units digit of x(-14)?
8
Let b(k) = 18*k - 11. What is the tens digit of b(7)?
1
Let h(t) = 3*t - 2. Let i be h(-8). Let l = -19 - i. What is the units digit of l?
7
Suppose 13 = 5*n - 4*t, n - 2*t - 9 = -4. Suppose -4*g - 3 = n. Let l = g - -9. What is the units digit of l?
8
Suppose 0 = w - 6*w + 290. What is the units digit of w?
8
Let s(t) = t - 5*t - t + 4*t - 2. What is the units digit of s(-8)?
6
Let p(f) = 10*f - 1. Let o be 115/35 + 2/(-7). What is the units digit of p(o)?
9
Let n = -48 - -171. What is the units digit of n?
3
Let n(m) = -13*m + 1. Let d be n(-1). Suppose 0*s - 2*s + d = 0. What is the units digit of s?
7
Suppose v - 350 = -4*v + 4*d, 2*d = -2*v + 158. What is the tens digit of v?
7
Let x be (-1 - -4)*(-30)/(-18). Suppose -r = x - 1. What is the units digit of (-460)/(-36) + r/(-18)?
3
Let i(j) = j**3 + 6*j**2 + 3*j. Let s be i(-5). Suppose -5*v + s*v = 25. Suppose -v*b = -3*t - 19 + 4, 0 = -5*b - 4*t + 50. What is the units digit of b?
6
Suppose -4*s + 0*s = -84. Suppose p - 4*p = w - 1, 0 = 3*p - 3*w - s. What is the units digit of p?
2
Let o = -45 + 106. What is the units digit of o?
1
Let r = -16 + 47. What is the tens digit of r?
3
Suppose 6*z = z - 4*d + 66, 3*z - d = 26. Suppose 2*l = 4*l + z. What is the tens digit of 3/l + (-174)/(-15)?
1
Let c(o) = -o + 2. Suppose 0*h = -5*d + 3*h + 53, 49 = 5*d + h. Let x be c(d). Let q(r) = -r - 6. What is the units digit of q(x)?
2
Suppose 3*v = 6*v. Let g(p) = p**3 + 13*p**2 + p + 16. Let u be g(-13). Suppose -2*l - 31 = -u*t, v*t + 2*l = 2*t - 20. What is the units digit of t?
1
What is the tens digit of 6 + (-12)/4 + 53?
5
Suppose -10*n + 22*n - 2820 = 0. What is the hundreds digit of n?
2
Let c(s) = -7*s + 4. Let d(u) = 20*u - 12. Let g(k) = 14*c(k) + 5*d(k). What is the units digit of g(8)?
2
Suppose -5*c + 199 - 39 = 0. What is the tens digit of c?
3
Let n(r) be the second derivative of r**4/12 + 5*r**3/6 - 2*r**2 - r. Let p be n(-5). What is the units digit of 1/(-2) + (-30)/p?
7
Let v = -290 - -510. What is the units digit of v?
0
Suppose -4*i - 24 = -4*o, 0 = -3*o + 5*i + 20. Suppose -5*z - 10 = 5*s - 45, -o*z - 37 = -4*s. Let m = 14 - s. What is the units digit of m?
6
Suppose 0 = 3*a + 2*x - 14, 13 + 4 = 4*a + x. Suppose a*s = b - 9, s = 5*b + 4*s - 68. What is the units digit of b?
3
Suppose 2*s - 4 = 10. Suppose 4*g - 32 = 4*i, -g + 0*i = 2*i + s. Suppose 0 = -r + 3*k - 5, g*r - 8 = 4*r - 4*k. What is the units digit of r?
4
Suppose -h + 230 = 4*h. Suppose 0 = -10*a + 8*a + h. What is the units digit of a?
3
What is the units digit of (3 - 6)*1*-11?
3
Suppose 2*w + 12 = -2*w + 3*l, 3*w + 4*l - 16 = 0. Suppose w = -2*h + 8 + 2. What is the units digit of h?
5
Suppose -3*n - 2*r + 42 = r, n - 5 = -4*r. What is the tens digit of n?
1
Let z be 18/1*(-2)/(-4). Suppose -3*i - z = 5*m, 10 = 3*m - 3*i + 1. Suppose -a = -2*a + 4*j + 31, 4*a + j - 39 = m. What is the tens digit of a?
1
Suppose -2*m + 38 = -22. What is the units digit of m?
0
Suppose -16*p = -21*p + 865. What is the tens digit of p?
7
Let k = 267 + -142. What is the hundreds digit of k?
1
Suppose v - 51 = 3*m, 4*v - 255 = -v + 2*m. What is the tens digit of v?
5
Let b = -3 + 19. What is the tens digit of b?
1
Suppose -6 = t + 5*r - 28, -52 = -5*t + 4*r. What is the tens digit of t?
1
Suppose 2*r = -1 + 11. Suppose c + r = 27. What is the units digit of c?
2
Let v = 565 + -277. What is the tens digit of v?
8
Let o = 39 - 13. What is the units digit of o?
6
Suppose 2*y + 30 = 7*y. Suppose 0 = 2*j - y - 2. What is the units digit of j?
4
Let i(g) = 6*g**3 - 2*g**2 + 3*g - 7. What is the tens digit of i(3)?
4
Let g(i) be the third derivative of i**6/120 + i**5/20 - i**4/6 - i**3/6 - 2*i**2. What is the tens digit of g(-3)?
1
Let v(i) = i**2 - 3*i + 2. Let r be v(3). Suppose 2*o = -o + 42. Suppose -2*f = r - o. What is the units digit of f?
6
Suppose -6*k + 2*k + 800 = 0. Suppose 2*y - 7*y = -k. What is the units digit of y?
0
What is the units digit of ((-32)/(-12) - 3)*-12?
4
Let c(a) be the third derivative of a**4/12 - 5*a**3/6 + a**2. Let f be c(4). Suppose -19 = -v - v + f*o, 4*v + 4*o - 8 = 0. What is the units digit of v?
5
Let b be 430/15 - (-1)/3. What is the units digit of (-7)/28 + b/4?
7
Suppose 5*o + 5*m + 30 = 0, -5*o + m - 4*m = 30. Let w = 0 - o. Suppose w*u - 3*u = 33. What is the tens digit of u?
1
Suppose -3*l + 46 = 16. What is the units digit of l?
0
Let n = -82 - -122. What is the units digit of n?
0
Suppose -z = -9 - 14. Let p = z - 16. What is the units digit of p?
7
Let n = 5 + -2. Suppose 5*w - 2*q = 6, 0 = -5*w + 2*q - q + 8. Suppose -z = w*z - n. What is the units digit of z?
1
Let n(j) = 3*j**2 - 5*j - 16. What is the units digit of n(7)?
6
What is the tens digit of 3824/22 + (-1)/44*-8?
7
Let x(s) = s**3 - 4*s**2 - 3*s - 2. Let d be x(5). Let j = d - 4. Let